5
Calculate 32 + -16 - (-15 + 32 + -12) - 122.
-111
What is the value of -11 - (-31 + -7 + -5 + 0 + 4)?
28
What is 14 + -136 - -41 - -84?
3
-64 + 0 - ((-9 + 26 - 29) + 4)
-56
Calculate -44 + -69 + 169 + (-3 - 8).
45
What is (-11 + 1 - (1454 - 1419)) + (-3 + -4 - 2)?
-54
111 + 44 - (50 + 7 + -15)
113
12 - (8 - (5 + -9)) - (-1 + 29)
-28
What is -1 - (15 - (-22 - (86 + -9 + -10)))?
-105
What is 62 + (-81 + 66 - (-8 + -5 + 5))?
55
What is (29 - -6) + (-21 - -19)?
33
Evaluate -9 + (-10 - (8 - -6) - -29).
-4
What is -26 - (-31 - 14 - 3)?
22
Evaluate -12 - (-30 + (-14 - -2) + 14 + 11).
5
Evaluate (1 - 0) + 66 - (705 + -691).
53
-1 + -4 + (5 - (-1 - -11) - -8)
-2
What is the value of (-21 + 19 + 22 - 13) + 8?
15
What is -5 + (3 - (3 + -2 + -15 + -14))?
26
What is -15 + 7 - (-2 + 0) - (16 + -15 + 51)?
-58
Evaluate (-24 - -12) + -28 + 28 + 3 + 51.
42
Evaluate -4829 + 4769 + (2 + -2 - -20).
-40
-11 - -40 - ((28 - 21) + -2 + -12)
36
What is the value of 47 + (-1 - -3) + -7 + 0 + 3?
45
Evaluate 81 + -10 - 45 - -6.
32
What is -98 + -14 + 0 + (-10 - (-21 + (-47 - -43)))?
-97
What is the value of 4 + 3 + -5 + 48 - -13?
63
Calculate 71 - (-81 - (-202 + 45)).
-5
What is -32 + 2 + (2414 - 2443)?
-59
-10 - (-4 - (-11 + 22) - -17)
-12
5 + 0 - (-16 + 0 - 3 - -24)
0
10 + 0 + -12 - 4 - -22 - (-3 + 25)
-6
What is the value of -11 + -8 + 0 + -4 + 36?
13
Evaluate 11 - (-38 + (27 + 14 - 107)).
115
-10 + 1 - ((19 - (70 + 5)) + (-2 - 12))
61
39 - (4 + (3 - 14 - 4) + 14)
36
What is the value of (-20 - 61 - -82) + -4?
-3
Evaluate -1 - -78 - (-424 - -433) - 23.
45
Calculate (-99 + 85 - (1 + -2)) + -28.
-41
Calculate 0 + 22 + 48 + -27.
43
What is the value of 1340 - 1323 - ((-6 - -3) + -5)?
25
What is -18 + -2 + 104 + -85 + 50?
49
What is -26 + 22 - 34 - -24?
-14
What is the value of (27 + 17 - 69) + 75 - (2 + 16)?
32
What is (-6 - 1) + (-35 - (19 + -23)) + -12 - -3?
-47
What is -10 + (16 - 4) + -38?
-36
(-51 - (-7 + -31 - 0)) + -6
-19
Evaluate -64 + (51 - 112 - -116).
-9
(23 + -9 - 3 - 66) + 4 + -2 + 12
-41
Evaluate -7 + (-5 - ((3 - 2) + -5)) - (-19 + 14).
-3
Calculate 10 + 3 + 0 - (60 - (55 - 22)).
-14
Evaluate (22 - (-7 + 13 - -6 - 25)) + 0.
35
(-675 - -625) + (-11 - -65)
4
What is the value of -11 + 2 + 13 + -5 - -8 - -5 - -54?
66
What is the value of 39 - (29 - (-82 + 40))?
-32
Calculate (9 - 103) + -99 + 128.
-65
What is 12 + (19 - (17 + -10)) + 5 + 13?
42
Evaluate -2 + -9 + 3 + 11 + -12 + 56.
47
Calculate (138 - (-185 + 288)) + (0 - (-1 - (-1 + 10))).
45
What is the value of -2 - (7 + 1) - (62 + -26)?
-46
What is the value of -29 + (0 - -8) - (-10 - -2) - 15?
-28
Calculate -1 - 0 - -81 - (181 - (347 - 162)).
84
What is 30 + -32 - ((9 - 14) + 13 - 3)?
-7
Evaluate (-21 - -27) + (-58 - (-7 + 10)).
-55
What is (79 - 16) + (-9 - (-3 + 1)) - 17?
39
(-4 + (-2 - (9 - 4)) - -5) + -38 + 2
-42
(9 - 8) + 56 + -42
15
What is the value of -38 + ((-1 - -3 - (-195 - -195)) + 3 - 7)?
-40
What is the value of -45 + -46 + -13 - (-3 + -11) - (7 + 1)?
-98
(1167 - 1100) + (8 - -23)
98
(-21 + 54 - 48) + 60
45
-32 - (20 + 77 - 84)
-45
Calculate (-16 - 5) + (12 - (-5 + 5)) + -42 + 18.
-33
What is the value of 87 - (-5 - (29 + -11 - 13))?
97
(26 - -4) + -13 + 0 + 28
45
What is the value of (-31 + 30 - -54) + -69?
-16
Evaluate (-89 + 15 + 59 - (-9 - 1)) + -1.
-6
What is the value of 17 + (9 + 6 + -2 - 10 - 4) + -8?
8
Evaluate -10 - ((-28 + 8 - -9) + 80 - 1 - -8).
-86
3 - (-1 + 12 + -10 + 10 + -19)
11
What is (474 - 270) + -227 + (-1 - -18)?
-6
13 + (39 + -43 - (9 + -1)) + -2
-1
Evaluate -19 + 27 + (-141 - -103) + -8 + (0 - -1).
-37
What is 4 + -3 + (2 - 40) - ((-10 - -4) + 3)?
-34
Evaluate (28 - -19) + -60 + (-28 - -1).
-40
What is the value of (-18 - 1) + -38 + (28 - (0 - -3))?
-32
What is the value of 46 + -18 + -23 + (1 + -4 - -14)?
16
(54972 - 54984) + (-1 + 44 - -1 - 0)
32
What is the value of 21 + 0 + (-267 - -249) + -35?
-32
Calculate (-3 - -3 - -20) + -114 + 108 + -63.
-49
What is 2 + -5 + 25 + 34 + 66 + -81?
41
Calculate (-800 + 814 - (-61 - (-2 - -1))) + 5.
79
Calculate (61 - 93) + 39 + (-3 - (4 + 15)).
-15
Evaluate -81 + 103 + -20 + -35.
-33
What is -25 + -1 - (273 - 246)?
-53
Calculate 42 + 0 - (-4566 - -4701).
-93
-20 - ((345 - 356) + (-52 - -1))
42
What is (9 + 54 - (3 + 4 + -2 - 0)) + -5?
53
What is -26 + 34 + (-16 - 3) + 24?
13
-29 + (-12 - (-58 - -42 - (1 - -6)))
-18
What is 127 + -170 + (7 - (-1 - 4))?
-31
Evaluate 0 - -5 - -9 - (-6 + -1 + 1 + 75).
-55
Calculate 2 - 35 - (208 + -285).
44
Evaluate 3 + -6 + 40 + (-56 - -35) + 109.
125
Calculate 9 + -4 + -54 - (61 + -62).
-48
What is the value of 54 + (-52 - 4) + (48 + 1 - (-6 - -8))?
45
Calculate 11 + 16 - (6 + (-4 - -9)) - -9.
25
((-7 - -121) + -4 - (30 + -38)) + -19
99
Calculate 5 + 0 - 2 - (-16 + 12).
7
What is the value of 6 - 43 - (-30 - 2)?
-5
71 - (18 + 11 + 9 + -15)
48
What is (-17 - -6) + 59 + (14 + -2 - (92 + -74))?
42
Calculate -53 + (52 - (-8 - -42)).
-35
What is 0 + 24 + 10 + -16 + (-30 - -52) + -13?
27
-12 - (5 - (66 + 6 - 29))
26
What is -111 + -2 - (-2506 + 2458)?
-65
Evaluate (-61 - 3) + (160 + -45 - 117).
-66
Calculate (1 - 2) + 7 + (-30 + 11 - -26).
13
Evaluate -147 + (-115 - -166) + 21.
-75
-23 - (-2 + -6 + -126) - 5 - (-5 + 1)
110
What is 2 + 17 + (-37 - 8)?
-26
Calculate (292 + -275 - (1 + 40)) + 117.
93
What is 0 + 13 + -1 - (13 + -44 + (-84 - -135))?
-8
-11 + 6 + 0 + (-17 - -30)
8
47 + (48 - (69 - -6))
20
What is the value of (3894 - 3877) + 1 + -2 + -2 + 48?
62
75 + (-16 + (-14 - -39) - (-4 - -9) - 4)
75
Evaluate -1723 + 1800 + -4 + -147.
-74
What is the value of 111 + -104 - ((1 - 1) + -3 + 3 + 8)?
-1
What is (-116 - -77) + (84 - 56) - (-58 - 0)?
47
1517 + -1527 - (1 + -2 + -1 + -50)
42
Calculate (19 - 12) + (-81 - (13 + -9)) + -6.
-84
178 + -156 + 31 + -17
36
Evaluate -115 - -133 - (-14 + 0) - (-5 - -1).
36
What is 34 + -1 + (-60 - -17) - (1 + -52 + -1)?
42
Calculate (-43 - -52) + -209 + 116.
-84
Calculate -7 + -1 - (-18 - (-38 + (-31 - -13))).
-46
Calculate 24 + -46 - -4 - (-197 + 63).
116
Evaluate (-25 - -30 - 21) + -7 + 1 + (-8 - -67).
37
Calculate 10 + -7 - (-522 + 498).
27
Calculate -56 - (-4 - (-58 + 133)).
23
1 + -77 + (1959 - 1928) + (-12 - 1)
-58
Evaluate 76 + 1 + 4351 + -4370.
58
What is the value of -20 - (-84 + -9 + 35)?
38
Calculate 0 + 9 + -1 - (-1248 + 1204).
52
15 - (20 + 4 + -2) - -13 - (1 - 1)
6
What is the value of (-9681 - -9612) + (0 - -11)?
-58
Evaluate -10 + ((-7 - (-15 - 112)) + -16 - -6).
100
Evaluate -31 - (-27 - (2 + 47)).
45
Calculate -32 - (-5 + -11 + -24).
8
Evaluate (-79 - -67) + (3 - -72) + 26.
89
Calculate (-61 - (4 + -85)) + 21.
41
1 - -71 - (-82 - (88 - 157))
85
What is the value of 76 + (-45 - (-11 - -15))?
27
Evaluate (-68 - -42 - 68) + 12.
-82
12 - (46 - ((66 - -4) + 13))
49
Calculate (44 - (1 + (-7 - -18))) + (26 - 43).
15
What is the value of -140 + (-6 - -10) - (-22 + (10 - 5))?
-119
What is 1 - -67 - (12 + -1 - (35 + -106 + 85))?
71
Evaluate 5 + 0 - (-201 + 98 + 104 - (-2 + -116)).
-114
-1 + 4 + 4 + 4 - (-9 - -49 - -36)
-65
Evaluate -8 + -1 - (145 - 65 - 58 - (-89 + 0)).
-120
Evaluate 29 + (17 - (48 - -30)) + 30.
-2
Evaluate 72 + -34 - (-19 + 75).
-18
What is -1 + -5 + (-4 - -8 - (1 - -3) - -33)?
27
What is 31 + (24 - 32 - (-3 - (-2 - 1)) - -1)?
24
What is the value of 27 + 10 + -20 + -54?
-37
Evaluate -2 + -4 + -13 + (29 + -18 - -17).
9
Calculate 16 - (-4 - (-9 + -8 - -33)).
36
What is the value of (-3 - 10) + (-1 - (3 - 6)) + -4?
-15
(-12 - (-2 - -17)) + 25 + 7 + -37
-32
Calculate (183 - 204) + (2 - (-6 + 5)) + -86.
-104
What is -11 + (10 - -39 - 52)?
-14
What is the value of -113 + 169 + -51 - (1 + -30 - 0)?
34
What is the value of -10 + 53 - 42 - 35?
-34
Calculate (-2 - (2 + -17 - -12)) + 0 + 1 + 72.
74
-123 - ((-9 + 26 - -26) + -18 - 12)
-136
57 + (-39 - -4 - -30 - -15)
67
(-6 - -1) + (129 - 108) + 8 + -40
-16
What is -6415 + 6306 - (-2 - 16)?
-91
What is the value of -54 - (-4 + (-6 + 3 - 4 - -4))?
-47
Evaluate 8 - (-15 + (39 - 15)) - -4 - -41.
44
What is (13 - 82) + (6 - (4 + 2) - (9 - 22))?
-56
(-61 + 87 - 43) + 5 + 0 - -46
34
Evaluate 36 + (-20 + 18 + (1 - -13 - 4) - 0).
44
10 + -79 + 226 + -152
5
Evaluate -48 + 39 + (33 - -1) + (-4 - (1 - -3)).
17
Calculate 3 + 5 - (19 + -85 + -9).
83
What is the value of 46 - -9 - 84 - -57?
28
What is -8 + 61 + -1